(x) = 3*x**3 + 15*x**2 + 10*x - 8. Determine o(f).
0
Let p(v) = -v**3 - 21*v**2 + 37*v - 198. Let u be p(-23). Suppose 5*w + 5 = 15. Let f(o) = 4*o**w - 1 - 5*o**2 + 2*o**2 - 9*o. What is f(u)?
-1
Let o(z) = 7*z**3 - z**2 + z - 1. Let d(l) = l**2 - 17*l + 57. Let a be d(13). Suppose -39*g + 8 = -37*g, -a*v - 11 = -4*g. Determine o(v).
6
Let q(o) = 129*o - 53. Let s(a) = 21*a + 1. Let u(p) = -q(p) + 6*s(p). Calculate u(25).
-16
Let t(u) be the third derivative of u**5/60 + u**4/8 + 17*u**3/6 + u**2 + 424*u + 1. Determine t(-5).
27
Suppose 0 = -4*j + 45 - 9. Let u = 11 - j. Suppose u*g = c + 7, 2*c + 0*c - 3*g = -12. Let s(q) = q**3 + 2*q**2 - 4*q - 2. Give s(c).
1
Let j(g) = g**3 - 7*g**2 - g + 22. Let v = 3350 - 3344. Give j(v).
-20
Let n(a) = -4*a + 45. Let p be n(14). Let r = -5 - p. Let x(g) = -g**2 + 6*g - 5. Give x(r).
-5
Let d be 123/(-9) - (-50)/30. Let n(t) = -t**2 - 7*t. Calculate n(d).
-60
Let s(n) = -n**2 - 4*n - 3. Let k be s(-3). Let c(b) = 8*b + k*b + 1 - 7*b - 2*b**2 + b**3. Determine c(-2).
-17
Suppose -6 + 28 = 5*b - 4*x, -4*b - 5*x - 7 = 0. Let q = 59 + -56. Let k(l) = 2*l**2 - 19 + b*l + 22 + l**3 - q*l**2 - 5*l. Give k(2).
1
Let m(t) be the second derivative of -7*t**3/6 - 17*t**2/2 - 94*t + 3. Give m(-7).
32
Let r be ((-8)/24 + -1)*6 - -2. Let u(n) = 3*n - 1. Determine u(r).
-19
Let i be -6*-3*4/24. Suppose -3*o - t + 5 = -i*t, -5 = -t. Let h(c) = -5*c - o + 6*c + 1 + c**2. Give h(3).
8
Let c(h) = -h**3 + 3. Let k(q) = 51*q - 3*q + 3*q + 5*q + 392. Let s be k(-7). Give c(s).
3
Let v(h) = 2*h**3 - 64*h**2 + 31*h - 995. Let z be v(32). Let o(x) = 2*x**3 + 6*x**2 + x + 2. Determine o(z).
-1
Let j(i) = 9*i**2 + 19*i + 3. Let u(v) = -4*v**2 - 9*v - 2. Let a(x) = 3*j(x) + 7*u(x). Suppose 51*s - 48*s = -2*p - 23, 2*p = 3*s + 19. Calculate a(s).
-12
Suppose -3*i + 52 = 5*o - 3*o, -4*i + 3*o = -92. Suppose 7*k + i*k - 270 = 0. Let l(r) = r**3 - 10*r**2 - 2*r + 4. Calculate l(k).
-16
Let w(q) = q**2 + 36*q - 34. Let k be w(-32). Let z = -166 - k. Let s(x) = 2*x**3 + 9*x**2 + 5*x + 5. Determine s(z).
1
Let r = -5 + 208. Let y = r - 197. Let m(u) = -2*u**2 + 7*u + 8. What is m(y)?
-22
Suppose 36 = -3*b + 2*l, 5*l = -2*b - 376 + 371. Let d(n) = -17*n - 167. Give d(b).
3
Let c(d) = 4 + 3*d - d + 0*d. Let m be c(9). Let l(y) = 2*y**2 + 4*y - m + y + 31 - y**2. Calculate l(-6).
15
Let r(p) = -p - 5. Let z(i) = -5*i**3 - 2*i**2 + 2. Let q be z(-3). Let j = 276 + -151. Let n = q - j. What is r(n)?
1
Suppose -3*p = -5*b - 89, 14*p - 26 = 12*p - 5*b. Let g(j) = j**3 - 23*j**2 + 2*j - 64. Give g(p).
-18
Let v(r) = -r**3 - 33*r**2 - 26*r + 200. Let n be v(-32). Let m(h) = -h**3 + 9*h**2 - 7*h - 19. Give m(n).
-11
Let m(f) = -7*f - 13. Let i(h) = -44*h - 88. Let n(u) = i(u) - 6*m(u). Let d = -15 - -9. Give n(d).
2
Let y(w) = 24*w - 130. Let a(q) = 217*q - 1169. Let n(s) = -10*a(s) + 91*y(s). What is n(9)?
-14
Let a = 36 - 26. Let f(s) = s**2 - 9*s - 4. Let o be f(a). Suppose -o*y + 0 - 6 = 0. Let v(n) = -5*n**2 - n. Give v(y).
-4
Let b(x) = -7*x - 3. Suppose 4*t - 5*t + 10 = 0. Let u = -97 + t. Let l = 85 + u. Give b(l).
11
Let t(z) = -6*z**2 - 148*z + 194. Let c(h) = h**2 + 25*h - 33. Let o(r) = 47*c(r) + 8*t(r). Let g be (-4)/10 + 114/(-15). Determine o(g).
9
Suppose -2*s = 3*q - 95, 10 + 5 = 5*q. Let d(o) = 85*o**2 - 41*o**2 - 3 + 2*o - s*o**2. Calculate d(2).
5
Let k(p) = -3*p**2 - 433700 + 0*p**2 - 6*p + 433696. Calculate k(-3).
-13
Let v(s) = -299 - 34*s**2 + 152 + 144 - s + 5*s. Give v(1).
-33
Let a(m) = 5*m + 5. Let u(y) = 10*y + 10. Let g(j) = -5*a(j) + 3*u(j). Let p be 6/(-10)*-2 - (-57)/15. Give g(p).
30
Let h(b) = 16*b**2 + 20*b + 57. Let x(s) = 3*s**2 + s + 5. Let v(i) = h(i) - 5*x(i). Give v(-13).
6
Let c(k) be the third derivative of -k**4/2 - 52*k**2. What is c(2)?
-24
Suppose 795*c - 1571 = -776. Let r(v) be the third derivative of -11*v**6/60 + v**4/24 + 2*v**2. What is r(c)?
-21
Let b(n) be the third derivative of 4*n**4/3 + 43*n**3 + 4881*n**2. Give b(-8).
2
Let d = -311 + 287. Let s be (d/(-4))/(10/(-15)). Let c(u) = -u**3 - 9*u**2 + 3*u + 12. Determine c(s).
-15
Let m(w) = -257*w**3 - 4*w**2 + 7 - 3 + 255*w**3 - 7. Give m(-3).
15
Let v(s) = s**2 + 4*s + 3. Let d = 96 - 77. Let u = 19 - d. Let o = u + -4. Calculate v(o).
3
Suppose 12*p + 20 = -4*u, 5*p + 65 = 5*u + 2*p. Let w(x) = x**3 - 9*x**2 - 11*x + 3. Give w(u).
-7
Let l(x) = 12*x**2 - 27*x. Let i(p) = 61*p**2 - 143*p - 2. Let a(h) = 3*i(h) - 16*l(h). Determine a(2).
-36
Let w(t) be the third derivative of 7*t**4/24 - t**3 - 375*t**2 - t - 2. Give w(-3).
-27
Let y = 17 - 16. Suppose 0*v + y = 3*v + 5*l, -3*l + 18 = -4*v. Let g be 105/(-33) - v - (-126)/(-33). Let n(u) = u**3 + 4*u**2 + 5. Determine n(g).
5
Suppose -2*z + 3*z + 87 = 0. Let m = -95 - z. Let p(f) = f**3 + 8*f**2 + 4*f + 8. Calculate p(m).
-24
Let n(y) = 6*y - y**3 + 4*y**2 + y + 47 - 48. Let t be (-1)/(-1) - 3 - 1. Let m(j) = -2*j - 1. Let z be m(t). What is n(z)?
9
Let b(y) = -y + 5. Let r be ((-52)/91)/(2/(-7)). Suppose -10 + 4 = -r*n. Let z be (5 + -2)/(-1) + n. Give b(z).
5
Let s be 198/11 - 13 - 2. Let x(i) = -10*i + 16. Give x(s).
-14
Let m(g) = 19461 - 9721 - 9722 - 2*g. What is m(4)?
10
Let g(a) = -a**2 + 2*a. Suppose -4*v + 2*y - 374 = 4*y, 2*v - 4*y + 192 = 0. Let o = 48 + v. Let c = 47 + o. Calculate g(c).
1
Let n(j) = 2 - 8*j + 13*j + 12 + 18. Give n(-15).
-43
Let i(l) = -2*l - 8. Let q(g) = g + 2. Let x(y) = 8*y + 19. Let a(r) = -14*q(r) + 2*x(r). Let v(d) = 3*a(d) + 2*i(d). Calculate v(-8).
-2
Let q(y) be the first derivative of 1 + 5*y + 2*y**2 - 1/3*y**3. Let f(r) = -8*r - 19. Let d be f(-3). Calculate q(d).
0
Let a(j) = -5*j. Let v(u) = -u**2 - 12*u + 15. Let t(m) = -15*a(m) + 3*v(m). What is t(14)?
3
Let d(j) = -3 + 3*j + 1 - 6*j - 2*j. Let y = 3877 + -3880. Give d(y).
13
Suppose 2*i - 4 = -k, 3*k - 10*i - 13 = -15*i. Let q(b) be the third derivative of 7/6*b**3 + k*b**2 + 0*b - 1/24*b**4 + 0. What is q(-6)?
13
Let j(u) = -2*u - 259 + 86 + 73 + 83. Give j(21).
-59
Suppose -12 = -m - 3*m. Let k(r) be the second derivative of -2*r**2 + 2/3*r**3 + 1 - 5*r. What is k(m)?
8
Let f(a) be the second derivative of a**5/20 - a**4 - 29*a**3/6 - 7*a**2 + 2736*a. Determine f(14).
-28
Let j(w) = w**2 - 9*w + 10. Let s = -56 + 97. Let a = s - 35. Suppose 5*k + 7 = a*k. Give j(k).
-4
Let w = -215 - -220. Suppose w*i + 9 - 3 = -p, -4*i - 16 = -2*p. Let x(b) = b**3 + 4*b + 3. Calculate x(i).
-13
Suppose 0 = 27*n - 20*n - 91. Let l(i) = 3*i - 43. Let w be l(n). Let a(s) = s**2 + 6*s + 10. Determine a(w).
2
Let v(z) = 5*z**2 - 44*z - 24. Let t(g) = -g**2 + 11*g + 6. Suppose -3*y = -8*y - 45. Let h(o) = y*t(o) - 2*v(o). Give h(-11).
-6
Let u(r) be the first derivative of -r**5/12 + r**4/12 - 43*r**3 - 188. Let n(z) be the third derivative of u(z). What is n(-3)?
32
Let j(l) = -5*l - 22. Let k be -2 + -1 - (-344 - -335). Give j(k).
-52
Let i(j) be the first derivative of j**4/4 - j**3/3 + j**2 + 33*j + 23. Let l(b) be the first derivative of i(b). What is l(2)?
10
Let w(i) be the first derivative of -2*i**4 - i**2 - i + 159. Suppose 5 = x - 3*j, 3*j = 2*x - 4 - 0. Give w(x).
9
Let x(t) be the third derivative of -t**4/24 - t**3/2 - 10148*t**2 + t. Let w(r) = 5*r**3 - r**2 - 2 - r + 0*r - 4*r**3. Let k be w(2). Calculate x(k).
-3
Suppose -5*y - 35 = -2*j, 5 = -152*j + 156*j + 3*y. Suppose -j*v + 25 = 0, -4*p - 82*v = -85*v + 39. Let b(l) = -l + 14. Give b(p).
20
Let a(i) = -4*i + 11. Let m = 8139 + -8152. Give a(m).
63
Suppose 2*w + 2 = 3*p, 12 = -4*p - 4*w + 3*w. Let d(y) = -65*y - 6. Let h(n) = 46*n + 5. Let t(x) = -3*d(x) - 4*h(x). Give t(p).
-24
Let b(j) = j**3 - j**2 - 2*j + 4. Let d(o) = 207*o + 414. Let k be d(-2). Give b(k).
4
Let n(o) be the third derivative of -o**6/360 - 7*o**5/120 + o**4/8 + 10*o**3 - 52*o**2. Let j(v) be the first derivative of n(v). Give j(-7).
3
Let c(u) be the first derivative of -6*u**2 - 6*u - 1243. Determine c(-6).
66
Let s(f) = f**3 - 9*f**2 - 47*f + 443. Let d be s(8). Let l(r) = -2*r**2 + r + 15. What is l(d)?
0
Let b(k) = 13*k**2 + 10*k - 20. Let z(y) = 28*y**2 + 21*y - 42. Let h(x) = -13*b(x) + 6*z(x). Calculate h(-5).
3
Let m(j) be the second derivative of j**4/12 - j**3 - 47*j**2/2 + 53*j. Let w(v) be the first derivative of m(v). Calculate w(-5).
-16
Let h(a) be 